on divisor of m and n.
8
Suppose 906 = v + c, 8*v = 12*v - c - 3639. Calculate the highest common divisor of v and 27.
9
Suppose -81*m = 2324 - 51572. Calculate the greatest common divisor of 52 and m.
4
Let z = -19595 + 20091. What is the highest common factor of 1032 and z?
8
Let r(m) = -m**3 + 14*m**2 + 37*m - 80. Let v be r(15). Calculate the highest common factor of v and 350.
50
Suppose -7*y - 267*g = -268*g - 31758, -4*y + 3*g = -18162. Calculate the greatest common factor of 144 and y.
72
Let d = 33695 + -33633. What is the greatest common divisor of 22382 and d?
62
Let r = -219 - -223. Suppose r*b = -4*l + 144, 5*b + 2*l - 134 = 31. What is the highest common factor of 279 and b?
31
Let z be 7/(14/(-16))*117*2. Let j be 6/21 - z/14. Suppose 3*o - j = 37. Calculate the highest common divisor of 38 and o.
19
Suppose -17*u = -15*u - 8. Suppose -u*o - 341 = -357. Calculate the greatest common factor of o and 16.
4
Let f = -1882 - -2725. Let d = 848 - f. Suppose 4*t - 5*t + 34 = -3*n, 5*t = -3*n + 116. What is the greatest common factor of t and d?
5
Suppose -123 + 88 = -3*d - 4*u, -3*d - 6*u = -21. Calculate the greatest common divisor of 1659 and d.
21
Let p = 4742 - 4698. Calculate the greatest common factor of 9 and p.
1
Let o = -28 + 36. Suppose -4*m - 64 = -o*m. Let n(p) = -3*p - 19. Let u be n(-17). What is the greatest common divisor of u and m?
16
Suppose -6 = 4*x - 5*x. Suppose -2*g + x + 5 = -l, -5*g = -20. Let a be 3*13*((-13)/l - 4). What is the highest common factor of a and 52?
13
Let g(m) be the second derivative of 2*m**4/3 - m**2 - 16*m - 1. Let h be g(-2). Calculate the greatest common factor of h and 270.
30
Suppose -l + 450 = 5*l. Suppose 5*o = -2*g + 2*o + 194, -5*o = 2*g - 190. Calculate the greatest common divisor of l and g.
25
Let b(s) = -58*s - 2415. Let j be b(-66). Calculate the greatest common divisor of 785 and j.
157
Let h(l) = -71*l - 1217. Let z be h(-94). What is the greatest common factor of z and 51?
51
Let h = 2397 - 1540. Let j = -335 + h. What is the greatest common divisor of 6 and j?
6
Suppose 5*r - 5160 = -4*k, -14*k - r = -13*k - 1290. Calculate the greatest common factor of k and 210.
30
Let q(g) = -3*g**2 - 21*g + 6. Let j be q(-7). Suppose x = 5*c + j - 23, 3*x = -2*c + 17. What is the highest common divisor of 48 and x?
3
Suppose -t - 4*y = -256, 117 - 109 = 4*y. What is the greatest common factor of t and 18104?
248
Let o(t) = 568*t + 2897. Let a be o(-5). What is the highest common factor of a and 4769?
19
Let a(t) = -18*t - 90. Let f be a(-5). Suppose f = -6*r - 12*r + 4950. Let h = 57 - 32. What is the highest common divisor of h and r?
25
Let j be 88/2*(38 + -1). Let m = -62086 + 62108. What is the greatest common divisor of j and m?
22
Let u(p) = -602*p - 6964. Let f be u(-12). Suppose -5*y = -3*y - 52. What is the greatest common factor of y and f?
26
Let k(q) = -2*q - 21. Let m be 170/(-15) - (-5)/(-3). Let s be k(m). Suppose -10*j + 75 - s = 0. Calculate the highest common factor of 7 and j.
7
Let d(n) = -n**2 - 15*n + 27. Suppose o = -9 + 8, 0 = 4*v - o + 47. Let a be d(v). What is the greatest common divisor of a and 72?
9
Let s = 24 - 16. Let d = s - 12. Let i be d*((-260)/(-16))/(-1). What is the greatest common factor of 13 and i?
13
Suppose -5*c + 2*j + 493 = 218, 5*j - 275 = -5*c. Suppose -3*r - r + 44 = 0. What is the highest common factor of r and c?
11
Let t(g) = -g**3 + 6*g**2 + 2. Let u be t(6). Let r = u + 12. Let b be (-250)/(-4)*r/7. Calculate the greatest common factor of 25 and b.
25
Let o(t) = -142*t + 1109. Let l be o(7). Calculate the greatest common factor of 20 and l.
5
Let u(i) = i**2 - 69*i - 5266. Let x be u(-46). Suppose 5*j - 528 = j. What is the greatest common divisor of x and j?
12
Let w(g) = -16*g. Let b be w(-1). Let x(j) = -j**3 + 21*j + 3. Let q be x(-4). Let h = q + 57. Calculate the highest common divisor of b and h.
8
Suppose 0 = 3*w - 2 - 28. Suppose -1179 = 4*i - 7*i + 3*n, 0 = -3*n - 9. What is the highest common factor of w and i?
10
Let a be 606226/656 + (2 - 1) + 9/(-8). Calculate the greatest common factor of a and 528.
132
Let m be 14996/49 - 134/3283. Calculate the highest common factor of m and 272.
34
Suppose 8*f = 444 + 300. What is the highest common divisor of 1860 and f?
93
Let f = -142 - -151. Suppose -4*w + 169 = 153. Calculate the highest common divisor of f and w.
1
Let k = -19040 + 19336. What is the greatest common factor of k and 160?
8
Let p(k) = 39*k**2 + 3*k - 4. Let n be p(-4). Suppose -86 = -6*x - n. Let i = x - -164. What is the highest common factor of 7 and i?
7
Let f = -57 + 87. Suppose 0 = 15*c - 18*c + f. Calculate the highest common factor of c and 290.
10
Let x be 4 + (0 - -4 - -119). Suppose -261 + 671 = 5*d. Let n = x - d. What is the highest common divisor of 75 and n?
15
Suppose 4*k + 6 = 5*q, -2*k + 4*q - 4 = k. Let o = -2 + k. Let f be 69/9*4 - o/(-9). Calculate the highest common divisor of 12 and f.
6
Let p(v) = -9*v + 3. Let s be p(-3). Let j = -152901 + 153021. Calculate the highest common factor of j and s.
30
Let x(s) = -3*s**3 + 13*s**2 - 12*s + 138. Let d be x(-6). What is the highest common factor of 714 and d?
102
Suppose 293*v + 539 - 1125 = 0. Suppose k - 6 = -4. Let q be k/(-3) + (-64)/(-6). What is the greatest common factor of q and v?
2
Suppose 4*y = 18 + 6. Let v = 150601 + -150599. What is the highest common factor of v and y?
2
Let g be 118*(4 + -2 + 75/10). What is the highest common divisor of 1711 and g?
59
Let x be (-74)/(-8) + (-2)/8. Let y = -625166 + 626390. What is the greatest common factor of x and y?
9
Let a = 25492 - 25309. Calculate the greatest common factor of 13359 and a.
183
Suppose 7*y - 10963 - 1637 = -17*y. What is the highest common divisor of 147 and y?
21
Let j be (-12285)/78*(-40)/45. Calculate the highest common divisor of 405 and j.
5
Let q(o) = o**2 - 6*o - 13. Let d be q(12). Suppose 47*f + 2040 = d*f. Calculate the greatest common factor of 34 and f.
34
Let g = 198 + -83. Suppose -4*u = 2*q + u - 114, -4*q - 5*u = -208. Let j = -24 + q. What is the highest common divisor of g and j?
23
Let n(k) = k**2 - 14*k + 23. Let q be n(12). Let g be q/(-3 + 1)*2*2. What is the greatest common divisor of 14 and g?
2
Let y(r) = r**3 + 10*r**2 + 5*r + 9. Let c be y(-4). Let q(a) = -a**3 + 27*a**2 - 20*a + 269. Let p be q(26). What is the highest common factor of p and c?
85
Suppose 18*v + 3692 = 506. Let l = 227 + v. What is the greatest common divisor of 400 and l?
50
Let z = -96 - -228. Suppose -11 + 13 = 2*m. Let x be (54/63)/(m/14). Calculate the greatest common divisor of z and x.
12
Let r(u) = u**2 + 7*u - 21. Let i be r(13). Suppose 5*n - i = -4*q + 8*n, 4*n = -20. Calculate the greatest common factor of 70 and q.
14
Suppose -13 = 2*a - 3*v, 5*a + 28 = -13*v + 16*v. Let t be (-54)/(a - 96/(-20)). Let q be (-27)/((6/(-4))/3). Calculate the highest common divisor of q and t.
54
Let p(h) = -h**3 + 64*h**2 + 135*h - 118. Let m be p(66). Calculate the greatest common divisor of 9680 and m.
80
Let q(v) = -v**3 + 5*v**2 + 6*v + 3. Let m be q(6). Suppose -4*s + h = -179 - 0, 0 = 3*h - m. Let d = -277 + 282. What is the greatest common factor of d and s?
5
Let y = -153 + 155. Let w be 33/y*((-12)/9 - -2). Calculate the greatest common divisor of w and 77.
11
Suppose 3*s - 798 = 5*v, 620*s - 618*s = 2*v + 524. Suppose -55 = -t - r - 5, 5*t - 4*r - 232 = 0. Calculate the greatest common factor of s and t.
16
Let c = -3910 - -4098. What is the highest common factor of c and 517?
47
Let a = 69 - 56. Suppose a = 2*x + 9. Suppose 2*p + g = 28, 0 = -p + g - x*g + 14. Calculate the highest common factor of 70 and p.
14
Let c be 2 + 152 + 1024/(-64). Let p be (-367)/(-2) + (-3)/(-6). Calculate the greatest common divisor of c and p.
46
Let q(w) = -w**2 - 79*w - 1500. Let j be q(-32). Suppose 2*x = 1 + 15. Calculate the highest common factor of x and j.
4
Let a = -9 - -14. Suppose a*h + n - 129 = 0, 11 = -5*h - 4*n + 152. Calculate the highest common factor of 1 and h.
1
Let y be (-4 + 6 - 3) + 66. Let f = 83 - y. Let t(b) = 2*b**3 - b**2 - 6*b + 2. Let x be t(4). What is the highest common divisor of x and f?
18
Let h(b) = 2*b**2 - 5. Let f be h(4). Let a be (111 - -5) + (-3)/3. 